e (25 + -28 - -8) + 0 + -10 + -7.
-12
Calculate 1 + 19 + -1 + -20 + 9.
8
Calculate -27 + (33 - -5) + -30.
-19
Calculate 6 + -11 + -2 + -2 + 8 + 22.
21
-3 - 37 - (284 - 295)
-29
-79 + 52 + 5 + 1 - -7
-14
What is (12 + -17 - 0 - (1 + -11)) + -5?
0
Calculate 23 + -2 + (312 - 356).
-23
What is 3 + (1 - 1) - (95 - 102)?
10
What is the value of -35 + (-16 - (19 - 45)) + 2 + -7?
-30
Evaluate (-3 - (-15 + (-3 - -14) + 0)) + -26.
-25
What is 1 + 19 - (87 - 74)?
7
What is the value of 19 + (-19 - 4) + 6?
2
-8 - (-12 + 3 - (6 - 9))
-2
What is 10 + -1 + -12 + 12 - (-1 + 19)?
-9
Evaluate -1 + -2 + (23 - (6 - -6) - -4).
12
What is -5 - (1 - (-3 - -4 - 6))?
-11
Evaluate -11 - (0 + 1 + -14 + 1 + 7).
-6
Evaluate (-6 - 1) + 28 + -26 - 2 - -22.
15
Calculate -3 - -2 - (-24 - (-16 + -41)).
-34
(2 - 24) + 10 + -13 + 12
-13
5 + -14 + 10 + 2 + 3 + -7
-1
What is the value of (1 - -45) + -26 + -26?
-6
Evaluate 3 + 2 + 6 - (11 + (5 - 8)).
3
(6 - 7) + (16 - 1) - (287 + -282)
9
Calculate 0 + -1 - (338 - 354).
15
What is the value of 3 + (2 - -4 - 2 - 8)?
-1
Evaluate -53 + (34 - -32 - 36).
-23
(-2 - -13) + -5 + -13 + 11 + -4
0
What is 9 + (-23 - (-12 - -2))?
-4
Evaluate 4 + 0 + 5 + -3 + -3 + -9.
-6
9 + -19 + (0 - -4)
-6
Evaluate 55 + -51 + (-1 - -6).
9
What is 14 - 33 - -34 - 33?
-18
-9 - (9 - 10) - -16
8
Evaluate (-21 - 12) + 21 + -6.
-18
What is 12 - (-11 - (0 - (-10 - -10))) - 0?
23
What is the value of 33 + -26 + (55 - 39)?
23
Evaluate 2 + -3 + 3 - (-5 - (9 - 10)).
6
What is the value of -29 - (27 - 32) - (0 - 7)?
-17
What is the value of 19 + 0 + -13 - 14?
-8
0 - (-8 + (4 + 5 - 1))
0
What is -8 + (-7 - (-10 - -5)) - (-133 - -122)?
1
What is -59 + 42 - (2 - -3)?
-22
What is the value of (-9 - 9 - (-47 - -33)) + 0?
-4
What is 42 + 14 + -69 + -1 + -4?
-18
Evaluate 19 + (-24 - -1 - -26).
22
What is the value of (26 - (1 + -1)) + 993 + -993?
26
What is (5 + -13 - (-1 + -3 - 5)) + 28?
29
Evaluate 3 + (14 - (6 + 2 + 0)).
9
Calculate (1 - 0) + 7 - -3.
11
What is -13 + (1 - 0) + 0 - (-380 - -374)?
-6
What is 5 + ((2 - 13) + 7 + -3 - -3)?
1
What is the value of (6 - 6 - (-2 - -5)) + 98 + -111?
-16
Evaluate -15 + 21 - 4 - 7 - 19.
-24
What is the value of 26 + (25 + 15 - 49)?
17
0 + -1 - -1 - (-29 + 17 + 26)
-14
-23 + 37 + 4 + 8
26
What is the value of 8 + -13 - (2 + -5 + 6)?
-8
Evaluate -23 - -29 - (3 - -10).
-7
Evaluate 14 - 10 - (15 + -2) - -6.
-3
What is the value of -10 - 1 - (109 + -117)?
-3
What is -6 - (0 - -1 - (3 + (12 - 19)))?
-11
Calculate -1 - (3 + 1 + 2 - (-5 - -8)).
-4
Calculate 13 - (-18 + 23 - 3).
11
Calculate 33 - 38 - (-5 - -1 - -9 - 1).
-9
Calculate (-23 + 52 - 1) + -7.
21
-3 - 5 - (-5 + 15 + 6 - 7)
-17
What is -1 + 1 + -16 - (1647 + -1632)?
-31
Evaluate (4 - -1) + (-383 - -372).
-6
Evaluate (-1 - (-10 + 1)) + (24 - -15 - 35).
12
What is (1 - 2 - 19) + 4 + (-1 - 0)?
-17
What is -3 - (-14 - -8) - (-10 - (16 - 9))?
20
-9 + (4 - (1 - -1)) + 7 + 5
5
Evaluate 2 + (0 - -3) + -3 - 10.
-8
Calculate 0 - -20 - (0 - 10 - (-10 + 0)).
20
Calculate -11 + -1 + -3 + -10 + 2.
-23
Evaluate -28 + 0 - (410 + -458).
20
What is 0 + 11 + (24 - (94 - 61))?
2
Evaluate (5 - (-5 - (-11 - 8))) + 3.
-6
What is (13 - 19) + 34 + -15 + 12?
25
Calculate -36 + -8 + 28 + 20.
4
What is -2 - ((-38 + 3 - -11) + 1)?
21
Calculate 11 + (-25 - -10) + -9.
-13
Calculate (-15 - -26) + -16 + -8.
-13
Evaluate -53 + (46 - 19) + (0 - 2).
-28
Evaluate 25 + (-30 - 28) - -26.
-7
What is 8 + (4 - 10) - (10 + 3 - 15)?
4
What is -1 - (-1 - 0) - (765 - 775)?
10
Calculate -1832 + 1833 - (-1 + -1 + 5).
-2
Calculate (-9 - -7) + (5 - -1) + -11 + -3.
-10
Calculate 3 - (-4 - (13 - 33)).
-13
-16 + (-14 - -11) + 13 + 15
9
Calculate -1 + 0 + -2 + (29 + -58 - -42).
10
What is (4 - 17) + 5 + -4 + 0 - -2?
-10
What is the value of -16 + 2 + (-121 - -125)?
-10
What is 23 + -4 + -25 - (0 + -17)?
11
What is 73 + 91 - 155 - (1 + -18 - 1)?
27
Evaluate 9 + -9 - (41 - 28) - -23.
10
Evaluate 4 + (-88 + 114 - (9 - 2)).
23
What is the value of -22 - 7 - (17 + -34)?
-12
24 + (-12 + 9 - 4) + -11
6
Calculate -5 - (-8 - (-4 + (9 - 2))) - 5.
1
Calculate (5 - 7) + 6 - 5.
-1
Evaluate 2 + 0 - (-2 - (-15 + 10)).
-1
What is the value of (13 + -5 - (-9 - -11)) + -12 + -7?
-13
What is -3 + 1 - (-19 + 2) - (-66 + 67)?
14
27 - (7 + -3 + (12 - 13)) - 8
16
(-1 - -6 - -2) + 1 - -7
15
Calculate 2 + -6 - (-3 - (21 - 13)).
7
Calculate -5 + (-12 + 2 - -4) + 3.
-8
Calculate (6 - 11) + 16 - 13.
-2
14 + -3 + -4 + -2 + -9
-4
Evaluate 8 + 28 + -11 - 13.
12
9 + (-12 - -1) + -38 + 66
26
9 - 49 - -18 - -35
13
Evaluate (20 - -4) + (-31 - -14) - -10.
17
What is -8 + -26 + 21 + -1?
-14
406 - 383 - (-4 + 0)
27
2 - 7 - (20 + -23 - 24)
22
What is the value of -11 - (7 + -1 + 5 + -6)?
-16
Calculate -20 + 16 + (0 + 1 - 0 - -3).
0
Evaluate 3 + 0 - (14 + 0 + -1 + -10).
0
What is 19 + -2 + 0 + -407 + 415?
25
What is -12 + (-8 - -53) + -5?
28
Calculate 4 + -2 + 0 + 15 - -1 - -9.
27
6 - 1 - (-759 + 781)
-17
Calculate 4 + -1 - -9 - 9 - -4.
7
Evaluate -20 + (-14 - -12) - -12.
-10
9 + (7 - ((-3 - -7) + -10))
22
Calculate -14 - (-54 - -24 - (2 + -3)).
15
What is -7 + 2 - (7 + 6 + -7)?
-11
Calculate (1 + 0 - (-9 + 17)) + (4 - -3).
0
Calculate (-21 - -56) + -33 + 12.
14
(-24 + 30 - (10 - -2)) + 0 + -8
-14
Evaluate -11 + -3 + 7 + -15 + 7 - -12.
-3
Calculate -3 + 16 + -4 + -4 - -1 - 17.
-11
What is the value of -2 + 1 - (-6 + 22) - (64 - 69)?
-12
What is the value of -1 + -5 + (-19 + 9 - -23) + -18?
-11
13 - (39 - 17) - (-4 + (-3 - -2))
-4
Calculate -31 - -19 - (-13 - 0) - 4.
-3
Evaluate 236 + -235 + (-1 + (3 - 2) - 0).
1
17 - 40 - (-4 + 1 + 4 + 0)
-24
88 - 83 - (-4 + 7 - -9)
-7
What is -37 + 7 + 15 + (8 - 4)?
-11
Evaluate 0 - (0 + 5) - (3 + (0 - 3)).
-5
What is (-4 - (6 - 0)) + 7 - -3?
0
Evaluate 14 - (-10 - (-33 - 3)).
-12
What is (23 - 10) + -17 + 17?
13
Evaluate -25 + -1 + (281 - 237).
18
What is the value of 19 - (46 - 28) - 30?
-29
3 + (67 - (1 - -37))
32
1164 + -1141 - (1 - (-8 + 2))
16
What is (119 - 62) + -52 + (-17 - 2)?
-14
Calculate -1 - -4 - (-12 + 4 - -6).
5
Calculate -10 - (-12 - (-8 + 5)).
-1
What is -52 + 58 + (4 + -3 - 7)?
0
8 - (0 - 1 - -19 - (-25 - -22))
-13
Calculate (12 - -14) + -27 + (-2 - (-11 - -3)).
5
Calculate 2 - 11 - (-35 + 27).
-1
Evaluate 3 + 10 + 14 - 17.
10
(-65 - -62) + (2 - 1) + (3 - -1)
2
(3 - (6 - (-3 + 3 + 10))) + -5
2
What is the value of 1 + (6 - (0 - 6))?
13
Evaluate 3 + (5 - (-28 + 26)).
10
(15 - (7 + 18)) + -1 + 0
-11
Calculate 3 + (0 - 2) + -1 - (-4 - -15).
-11
Evaluate 19 + (16 - (22 - 11)) - 16.
8
Calculate -14 + (19 - 15) - (-10 + -3).
3
Calculate 6 - (2 - -10) - -16.
10
Calculate -6 + 6 + 10 - (9 + 3 + -2).
0
Calculate -12 + -17 + 10 + 11.
-8
What is the value of 1 + 0 + -8 + (1 - (6 + -10))?
-2
Calculate (318 - 326) + -5 + 0.
-13
What is 26 - (27 - (-24 + 28))?
3
What is the value of 3 - (8 - -2) - -11?
4
What is the value of 7 + -12 + 22 + 5?
22
9 - (59 + -57) - (-13 - 0)
20
Calculate (-5 + 0 - (5 + 15)) + (50 - 43).
-18
Calculate 11 - (-1 + 29 + -21).
4
Calculate (-10 - 0 - (-13 - (-7 + -13))) + -6.
-23
27 - 22 - (-1 - -4 - (16 - 19))
-1
What is (-3 - (-11 - -7)) + -10?
-9
Evaluate -3 + 3 - -31 - (-27 + 53 - 18).
23
What is the value of (-3 - -14) + -38 + (35 + -15 - 4)?
-11
What is 4 + (-1 - -7 - (26 - 15 - -5))?
-6
(5 - (11 + -10)) + -16 - -19
7
21 - (9 - (7 - 2) - (0 + -1))
16
Calculate (-11 - (11 - (-3 + 17))) + 13.
5
What is -1 + -6 - (7 - (17 - 5))?
-2
What is the value of -1 - ((22 - -7) + -18)?
-12
What is the value of 2 - -3 - (-6 + 6 + 0)?
5
Evaluate 43 + -3 + (1 - 22).
19
Calculate -3 + -4 + (-37 + 47 - (1 - 10)).
12
Evaluate -9 - (-1 + 17) - -9 - 8.
-24
Calculate -4 - (-2 - (-7 + (-3 - -3))).
-9
Calculate -640 + 600 + (25 - 0).
-15
What is the value of (-18 + -2 - -51) + -15?
16
-15 - (2 + -2 - (2 - (0 + 0)))
-13
What is -17 - (21 + -16) - -27?
5
Calculate -26 + 19 + -9 + 13.
-3
What is the value of -15 + 17 + -15 - (-3 - (2 + 3))?
-5
(0 - (-1 + 10)) + 57 + (68 - 88)
28
What is -3 - (26 + -26 + -18 + -1)?
16
Calculate 14 + (-21 - -1) + 14.
8
Evaluate (4 - (0 + 11)) + 9.
2
1 - 20 - -1 - (-28 - -21)
-11
Evaluate (0 - 0 - 15) + -989 + 993.
-11
Evaluate (4 - 0) + 4 + -21.
-13
Calculate 5 + (-6 - (-19 - -9) - 6).
3
Evaluate (247 - 258) + 2 + -1 + 3.
-7
Evaluate -14 - (1 - -1) - (-6 + (-1 - -2)).
-11
What is (7 - 5 - -5) + 5 